k = -11 - -19. Let h(z) = -5*z - 7 + 8*z + 4*z. Is h(k) prime?
False
Let v be (-4 - (-9858)/(-4))*2. Is v/(-11) - (-6)/33 a composite number?
False
Let m(o) = 5*o - 3. Let r be (-3)/((-1)/(28/6)). Suppose 4*s + 2 = 3*u - 2, -s - 3*u = -r. Is m(s) a prime number?
True
Suppose 4*k = t - 6*t + 17, 3*t - 15 = -4*k. Suppose -k*f + 77 + 556 = 0. Is f composite?
False
Let q = 5 - -25. Suppose -5*p + 251 = -164. Let h = p - q. Is h composite?
False
Let c = 32 + -19. Suppose -f + c = -0*f. Is f composite?
False
Let p(j) = 888*j**2 - 7*j + 8. Is p(1) a prime number?
False
Let b be 7212/16 + 2/8. Is (b + (-12)/3)/1 prime?
False
Let x = 31 - -52. Let p = 14 + x. Is p composite?
False
Suppose -20 + 8 = -3*x - 5*t, 5*t = 2*x + 17. Let z(y) = -3*y - 4. Let q be z(-4). Is 1 - x - (-408)/q composite?
False
Suppose 5*l + 4 = 19. Suppose l*r + 92 = d + 15, 231 = 3*d + r. Is d composite?
True
Suppose -580 = 4*f + 5*i, -3*f - 461 + 26 = 4*i. Let l = -26 - f. Is l a composite number?
True
Let n be 60/((9/(-2))/3). Let w = -13 - n. Suppose -4*r + w = -1. Is r prime?
True
Suppose 5*p = p + 3716. Is p a composite number?
False
Let d = -25 + 11. Let l = d + 6. Is (-12)/l*(-316)/(-6) a composite number?
False
Let b(r) be the first derivative of 10*r**2 - 5*r - 2. Let z be b(4). Suppose -3*n + z = -0*h + 3*h, 0 = h - 4*n - 30. Is h composite?
True
Let p(v) = -2*v**3 - 6*v**2 + 3*v + 2. Let u be p(-6). Let h = -39 + u. Is h composite?
True
Let j(l) = 8*l + 1. Let s be j(1). Let v be (1 + -1 - 1)*-12. Suppose 3*h - v = -m + s, -3*m - 5*h + 55 = 0. Is m composite?
True
Let r(x) = 2*x**2 + 5*x + 2. Let z be r(-3). Suppose -5*t = 20, 0*l - z*t - 5345 = -5*l. Suppose 6*i = i + l. Is i a prime number?
False
Let c = 26 - 16. Is c composite?
True
Suppose 6*w - 1221 = -459. Is w composite?
False
Let z = 13 + -2. Suppose 3*g + z - 53 = 0. Is g a composite number?
True
Suppose 21*f = 26*f - 2035. Is f prime?
False
Suppose 2*q + 3*n + 1580 = 4*q, 4*n + 8 = 0. Is q composite?
False
Is 2/(-6*(-5)/1005) a prime number?
True
Let t = -7 - -10. Let y be 1/3*2*t. Is (-78)/(-2 - 0) - y composite?
False
Suppose 4*a = -0*a + 20. Suppose 5*g + 45 = 2*d, 2*d - 3*g - 52 = -a*g. Is d a composite number?
True
Let m(d) = -81*d**3 - 5*d**2 - 2*d + 1. Let l(s) = -82*s**3 - 6*s**2 - 2*s + 1. Let f(h) = 5*l(h) - 6*m(h). Is f(1) composite?
True
Suppose l - 4 = 5*l. Let z = 0 + l. Is 2695/33 - z/3 composite?
True
Let m = 32 + 721. Is m composite?
True
Let c(y) = 15*y**3 - 4*y + 10. Is c(3) a prime number?
False
Let l = -124 + 307. Is l a prime number?
False
Let n(h) = -2*h**2 + 7*h**2 + 3 - 15 + 7*h - 1. Is n(-9) a prime number?
False
Suppose -s = -0*s - 139. Is s a prime number?
True
Suppose -71 + 669 = 2*k. Is k composite?
True
Let m = 1152 + -569. Is m composite?
True
Let d(c) = 2*c**2 - c - 4. Is d(-6) a composite number?
True
Let h = 0 - -2. Suppose 0 = -h*m - 3*m + 425. Suppose -3*g + 5*z = -m, -z - 4 = -4*g + 98. Is g a composite number?
True
Let l(r) = -2*r**3 - 3*r**2 - 2*r - 1. Let q be l(-3). Suppose -3*n - 15 = 0, 0*s + 4*n = 4*s - q. Is s a composite number?
False
Let s(o) = -24*o - 14. Let k(r) = 49*r + 29. Let w(i) = 6*k(i) + 13*s(i). Let u be w(-6). Suppose 4*h + 20 = 0, -5*m + h = -0*h - u. Is m prime?
True
Suppose h = -0*h + 2. Suppose h*x + 76 = 2*y, -2*y - 3*y + 184 = -3*x. Is y a composite number?
True
Suppose 0*x = x - 5. Suppose 0 = x*a + 179 - 474. Is a a composite number?
False
Is (6/(-9))/(-2) + 1144/6 composite?
False
Let y(d) = -d**2 + 4*d + 2. Let u be y(4). Suppose -513 = -b - 4*n, -5*b + n - u*n + 2489 = 0. Is b composite?
True
Suppose 2*b = b + 3. Suppose -b*y = -8*y + 335. Is y prime?
True
Suppose 3*f - 4 = -u + 11, 0 = 4*f + 3*u - 25. Let p = 7 - f. Suppose -p*o + 86 = 5*s, 24 + 45 = 2*o + s. Is o a prime number?
True
Let o(z) = z**2 - 5*z - 3. Let a be o(6). Suppose -23 = -2*v + a. Is v a prime number?
True
Suppose 5*z - 18385 = -5*n, 9*z - 2*n = 5*z + 14708. Is z composite?
False
Suppose -1561 = -5*n - p, 3*n - p = 3*p + 932. Suppose 4*l = -2*d - 2*d + n, -2*d - 3*l + 157 = 0. Is d a prime number?
False
Suppose 3*a + h - 2586 = 628, -4*a = -h - 4297. Is a composite?
True
Let n(j) = 4*j**3 + 4*j**2 - 15*j - 10. Let b(r) = 9*r**3 + 7*r**2 - 30*r - 21. Let m(k) = 3*b(k) - 7*n(k). Let v be -12 - -1*(-6)/(-3). Is m(v) prime?
True
Let c = -2 + -5. Let v = c - -7. Suppose 4*f - 165 - 47 = v. Is f a prime number?
True
Suppose 428 = -w + 4*w + o, 4*w = -2*o + 574. Is w a prime number?
False
Let o = -183 - -269. Is o a composite number?
True
Let m be (-1862)/8 + 3/4. Let x = -69 - m. Is x prime?
True
Suppose -9 = -w + 2. Suppose w + 5 = 4*p. Let t = p + 33. Is t a prime number?
True
Let z = -65 - -384. Is z a composite number?
True
Let s(v) = v**3 - 5*v**2 - 5*v. Let k be s(6). Let r(t) = -2*t + 0*t - 5*t**2 + t**3 + 76 - 78. Is r(k) prime?
False
Let b = 36 + 13. Let x = b - -14. Suppose -5*m + 32 = -x. Is m prime?
True
Is (0 - (-2)/6)*822 composite?
True
Is 918 + (-1)/(-4)*4 a prime number?
True
Let b = 111 - 55. Let i = -30 + b. Is i a prime number?
False
Suppose -3*i = 9*t - 4*t + 55, 4*i = 4*t - 84. Is -218*(i/(-8))/(-5) a prime number?
True
Let b(k) = k**3 - 3*k**2 - 6*k + 6. Let a be b(4). Let j = a + 21. Is j composite?
False
Suppose -v - 7170 = -5*i - 5*v, 4*v = 3*i - 4334. Is i composite?
True
Suppose 3*t = 13622 + 3595. Is t prime?
False
Let a = 8 + -13. Let p = a + 9. Is 333/p + 5/(-20) a composite number?
False
Suppose -3*s + 397 = -11444. Is s a composite number?
False
Let h = -10 - -22. Is (-2)/(-12)*3*h composite?
True
Suppose 3*b = 174 + 213. Let x = b - 0. Is x composite?
True
Suppose 3*l - 15 = -0*l. Let z = 0 + l. Is 153/z + (-6)/(-15) a prime number?
True
Let i(b) = 16*b**3 + 10*b**2. Let m(h) = -5*h**3 - 3*h**2. Let v(o) = -2*i(o) - 7*m(o). Let g be v(-1). Is (-78)/4*g - 2 prime?
True
Let y(t) = 56*t**3 + 3*t**2 + 1. Suppose -2*d + 3*w + 1 = 0, -4*d + 4*w = 1 + 3. Let o be y(d). Is (o/10)/(2/(-4)) prime?
False
Let s = -9 - -53. Let b = -15 + s. Suppose l - o = b, -3*o + 148 = 4*l + o. Is l a prime number?
False
Let f(q) be the first derivative of 2*q**3/3 + 9*q**2/2 - 9*q - 3. Is f(-7) a composite number?
True
Let a be 1/3*42/7. Suppose a*v - 68 = 3*y, v = -y - 0*y + 39. Is v a prime number?
True
Let i = 437 + 624. Is i composite?
False
Let f = 6 + -15. Let p be (-7)/f - (-2)/9. Is p - (-2*165)/3 a composite number?
True
Suppose 0 = -5*b + 2*d + 297, 117 + 55 = 3*b + 5*d. Is b composite?
False
Suppose -579 = -3*a - 2*g, -2*a - 4*g + 385 = -3*g. Is a a prime number?
True
Let k = -71 - -135. Suppose n = 30 + k. Is n prime?
False
Let s = 2899 - 1402. Is s prime?
False
Suppose 522 = -2*i - 190. Let x = -195 - i. Is x prime?
False
Suppose 2*l + l - 21 = -4*b, -3*l - 5*b + 21 = 0. Let u(n) = -l*n - 5 + 4 - 5*n. Is u(-1) a composite number?
False
Suppose -8*q = -1520 - 9976. Is q composite?
True
Suppose -1 = -5*c + 14. Suppose -c*o = -11 + 2, 3*o - 19 = -5*n. Is (-152)/(-10) + n/(-10) composite?
True
Let s be 1/4 + (-135)/(-20). Let f(g) = 10*g + 7. Is f(s) prime?
False
Suppose 0 = -3*f + 2*f - h, 3*f + 5*h = 0. Suppose f = 9*o - 5*o. Suppose 5*p - 234 - 41 = o. Is p a prime number?
False
Suppose j + 319 - 987 = -5*z, 0 = z - 3. Is j a composite number?
False
Let q be (2/(-4))/((-2)/76). Suppose q = -5*k - 6, 5*b = -k - 125. Let n = 77 + b. Is n a composite number?
False
Suppose -k + 4*m + 3053 - 888 = 0, 0 = -2*k - 5*m + 4291. Is k prime?
True
Suppose -m - 8 = 2*m - 4*n, -4*m + 4*n - 4 = 0. Suppose 5*z - m*b = -1094 + 3847, 5*z + b - 2768 = 0. Is z a prime number?
False
Let y = 1 - -3. Suppose -3*f = -2*f - y*s - 277, -5*f - 4*s = -1481. Is f prime?
True
Is 3429 - ((-15 - -19) + 0 + -2) a prime number?
False
Suppose 2*h + h = -36. Is -52*(h/8 + 1) prime?
False
Let v = 1 - -1. Suppose -602 = -v*y + 4*x, -2*y - 5*x - 9 = -584. Let l = y + -84. Is l composite?
False
Let j = 402 + 1661. Is j a composite number?
False
Suppose 0 = 5*f - 81 - 6414. Let b = -778 + f. Is b composite?
False
Let g(t) = 3*t**3 + 1. Suppose 4*o - 5*b - 16 = 0, 5*o - o = b. Let d be g(o). Is d + (2 - 3) - -166 a prime number?
True
Let k = -8 - -13. Suppose -k*b + 164 = 3*m, 5*b - 51 = 3*m + 95. Is b prime?
True
Let i(b) = 24*b**2 - 9*b + 4. Is i(-5) composite?
True
Let g(q) = 3*q**2 + 14*q 